 value of -21 - ((43 - 23) + -19)?
-22
What is -11 + -3 + 6 + 17 + 11?
20
Evaluate (4 - (-11 - -21)) + (-11 - -7).
-10
-28 + 72 - 44 - (-1 - 0)
1
Evaluate 33 + -21 - 12 - (1 - 9 - -1).
7
Evaluate 10 - (-13 + (7 - -6)).
10
What is the value of (1 - -17) + (-534 - -548)?
32
(-3 + 6 - -4) + 12 + (0 - 11)
8
What is (8 - 16) + (10 - (21 - 11))?
-8
Evaluate -1 + -5 + 26 + (-26 - -23).
17
Calculate -1 - (-4 - (-14 + (1 - -4))) - -19.
13
What is (2 - -48 - 35) + -27?
-12
Calculate (3 - 9) + 1 - (69 - 73).
-1
2 + -5 - (-30 - (2 + -28))
1
Evaluate 6 + -4 - (5 + -1 + 4).
-6
What is (16 + -64 - -31) + 9?
-8
Evaluate -52 - -28 - -3 - -11.
-10
What is the value of (-1 - 3) + -381 + 371?
-14
What is 4 + 21 - (10 + -19 + 20)?
14
What is the value of -5 - ((-1 - 11) + -3 + 8)?
2
What is the value of (9 - 3) + 12 + (-14 - -10)?
14
Calculate 6 + -22 + 22 + (3 - 13) + -6.
-10
Calculate 17 - (25 + -40 + 7).
25
What is the value of ((5 - 7) + 0 - -9 - 1) + -2?
4
What is the value of 5 + (4 - (12 - (17 + 3)))?
17
924 - 923 - (-2 - -8 - (2 - 0))
-3
Calculate (-3 - -2) + 4 + 5 + -23 + 6.
-9
Calculate 1 + 1 + (-4 - (5 - 16) - -9).
18
What is the value of -1 - 9 - (15 - (-11 + 17))?
-19
What is 1 + 1 + 0 + -61 + (31 - -24)?
-4
What is -5 + ((2 - -2) + 16 + -27 - -9)?
-3
Calculate 2 - 3 - (6 - 5).
-2
Calculate -14 + (-10 - (15 + 5 - 84)).
40
Evaluate 6 + -13 + 3 + -6.
-10
Evaluate 32 + (-25 - -11) + -20.
-2
Evaluate -1 + -4 - (-10 - -4).
1
Evaluate 7 + -2 - (-6 + 11 + 7) - -5.
-2
(-5 - (-4 - -5)) + 0 - (3 - 2)
-7
Evaluate 24 - (0 - (-35 - 4)).
-15
Evaluate 33 + -12 + -22 + 10 + 1 + 2.
12
What is -13 + 20 + -1 + -11?
-5
What is the value of -15 - (-18 - -18 - 9)?
-6
Calculate -19 + (27 - (-21 - -66)).
-37
Calculate -2 - 3 - (-7 - 14 - -11).
5
Evaluate (-1941 - -2006) + (1 - 34).
32
What is 11 + -28 + 36 + (14 - 5 - -5)?
33
Calculate (29 - 9 - 0) + (-2 - 11).
7
What is (-8 - (9 + -27)) + (17 - 3)?
24
Calculate -14 + 21 - (4 + -8 + 2 + -5).
14
Calculate 3 + -2 + 10 + 8 + -14.
5
Calculate -18 - (-17 + -13) - 3.
9
Calculate 13 + 12 + (-41 - 2) + -3 + 0.
-21
(13 - -3 - (-63 - -78)) + -2 + 36
35
Evaluate -46 + 20 + 23 - (1 + -12).
8
What is the value of -7 + 0 + (20 - (-4 + 16))?
1
What is the value of (1 - 0 - (1 - -1)) + (0 - 2)?
-3
What is the value of (581 - 624) + -3 + 63?
17
What is 524 + -533 - (2 + -17 - -2)?
4
What is 8 + -11 + 8 + 5 + -25 + 2?
-13
Evaluate (-3 - (-33 + 11) - -6) + 4 + 2.
31
Calculate -14 + (-38 - -31 - (-2 + 1)) - -3.
-17
What is the value of 5 + (10 - 40) + 9 - -2?
-14
Calculate (-159 - -159) + (-5 - -22).
17
Calculate -4 - -8 - (-6 + 2 - (-95 - -64)).
-23
What is the value of 3 - (8 - -2) - (-2 - 3)?
-2
Evaluate 29 + (-17 - (-28 - (-22 + 5))).
23
-12 - (-48 + 2) - 17
17
Calculate (-10 - (-7 - -3)) + 1 + -5 + -1.
-11
What is the value of (-10 - -16) + -3 - 1?
2
What is the value of (1 - -3) + (5 + -9 - 0)?
0
Calculate (3 - (-11 - -8 - -8)) + 8 - 2.
4
Calculate 19 - (10 + 9) - -20.
20
Evaluate 8 + (9 + 12 - 27).
2
What is the value of (-13 - (1 - 11 - -4)) + -25 + 6?
-26
Calculate -6 + 0 - (15 + -19 - (1 - -2)).
1
Evaluate -1 + (11 - 17) + 7 - 11.
-11
Evaluate (0 + 13 + 4 - (-8 - -14)) + 9.
20
Calculate -10 + -41 + 17 - (2 + 2 - -1).
-39
Evaluate (-1 - 0) + 1 + 1 + (-42 - -43).
2
What is the value of (-60 - -63 - (-2 + 4)) + 9?
10
Evaluate (-4 + 3 - 2 - 5) + -4.
-12
What is -6 - (0 + 1 + -6 + -4)?
3
What is the value of -3 - (-2 + (-18 - (-4 - 15)))?
-2
2 + -9 + 3 + -8 + 12
0
-4 + 1 + (4 + (1 - -6) - 6)
2
Calculate -12 - (15 + -9 - 15).
-3
0 - (-15 + 27 + -16)
4
Evaluate 9 + -15 + 8 + 25 + (1 - -2).
30
Evaluate 122 + -162 - (-5 + -11).
-24
What is -11 - -8 - (0 + -5) - -11?
13
-20 + 32 + -4 - -3
11
What is the value of (-17 - -12) + -14 - (-10 - 0)?
-9
Evaluate 17 + (2 - (-19 - -28)).
10
What is 1 - 6 - (4 + (-29 - -14)) - -1?
7
Evaluate -5 + -2 + (-11 - -5) + (-4 - -6).
-11
-8 - (4 - (14 - 3))
-1
What is 18 + (24 + -12 - 15)?
15
What is -30 - (-4 + -10 - 13)?
-3
What is the value of 11 + (-8 - -1 - (-61 - -55)) + -3?
7
Calculate 30 + -16 + 13 - 17.
10
Calculate (3452 - 3457) + (-1 - (1 + -1)) + -21.
-27
Evaluate -9 + 1 + (-3 - (1 + -2 + -13)).
3
What is 0 + 1 + 0 + -66 + 81?
16
What is -17 + 17 - (7 + 0)?
-7
Calculate (-140 - -122 - (-8 - 0)) + (5 - 2).
-7
What is the value of -9 - (0 + 14 - 23)?
0
Calculate (0 - -2) + -4 + 4 - (7 + -6).
1
What is the value of (-22 - -4) + 7 + -2 - -8?
-5
Calculate (2 - 16) + 22 + (2 - 1) + 13.
22
What is the value of -6 - (12 + -6) - -28?
16
What is the value of 1 - (5 + -4) - (-8 - (-7 + 7))?
8
Evaluate -3 - (-6 - -2 - (-10 + 9)).
0
Calculate 4 + (-14 - -14 - (-12 + 3)).
13
Evaluate -6 + 5 - (-1 - 4 - 8).
12
Calculate (-1 + 2 - (104 + -115)) + -36.
-24
What is (39 - 24) + -9 + 5?
11
What is 1 + -4 - (-19 - (11 + -39))?
-12
Evaluate 23 + -21 + 10 + 1.
13
Calculate -63 + 29 - (-51 + -3).
20
Evaluate 35 + -35 - (0 + 4 + -12).
8
Evaluate 18 + (10 - 18) + -9 + 10.
11
What is the value of (0 - 15 - 2) + (-12 - -4) - 3?
-28
What is the value of -8 + (7 - 4 - -6)?
1
What is the value of 857 + -810 + -41 + -2?
4
Calculate -4 - (-12 - (2 + -7 - 4)).
-1
Calculate 20 + (22 - (-15 - -29)).
28
-28 + 9 + 0 + 9
-10
-1 + 3 - (-68 - -54)
16
Evaluate (-13 - 34) + 59 - (0 - -8).
4
-10 - (-9 + -2 + -6)
7
Calculate 28 - 24 - 18 - -25.
11
Evaluate -5 + (-2 - -3) + 5 + -6 + 3.
-2
Evaluate (4 - 15) + 12 + -5 + 3.
-1
Calculate (13 - (3 - 1 - -1)) + -5.
5
(-3 + -3 - (7 - 0)) + -2
-15
(0 - 7) + (-1 + 14 - (-5 - -1))
10
What is the value of -3 - (-23 + (-6 - -19))?
7
What is (-6 + -7 - 2 - -23) + 14?
22
What is -1 - -21 - (18 + (-29 - (17 - 25)))?
23
What is the value of 5 + 1 + 2 + 9 + -9?
8
Evaluate -5 + 1 - (-24 + -4 + (3 - 10)).
31
(-5 - 0) + (-24 - -36) - 14
-7
What is the value of 9 + (6 - -2) + 13 + -13?
17
Evaluate (4 - 2) + -8 + (10 + 1 - -6).
11
What is the value of -15 + -2 + 4 - -19?
6
8 + 5 + -9 + (-41 - -38)
1
What is the value of (4 - (-12 + 2)) + (5 + -13 - -3)?
9
Evaluate (7 + (2 + -15 - -3) - -17) + -2.
12
-16 + ((-10 - -1) + 1 + -4 - -6)
-22
Calculate 21 + (1 - -6 - (19 - 6)).
15
Evaluate 18 - (6 - 5) - (-9 + 17 - 5).
14
-13 + 30 - -7 - 8
16
Evaluate (-5 + -13 - -11) + -2 + -3.
-12
What is the value of -6 + -5 + (29 - 1 - 7) - 30?
-20
-3 + (-10 + (-8 - -20) - -12)
11
Calculate 24 + -21 + 31 + -11.
23
27 + 27 + (4 - 27)
31
What is -3 - (2 - 6) - (-6 - (3 - 1))?
9
What is the value of -9 + 5 + -1 + (1 - -1 - -19)?
16
Evaluate 0 + -5 - (-53 + 47).
1
Evaluate -26 + 44 + -24 + -21.
-27
What is -5 + 2 + 12 + (1 - (-2 - 1))?
13
What is 11 - (-33 + 63 - (0 - -4))?
-15
Evaluate 10 + 10 + 5 + -11.
14
What is -11 - (6 - (30 - 1)) - (0 - 6)?
18
237 + -219 - (15 + -1) - 5
-1
Calculate 18 + -11 + (2 - 20) + 5.
-6
-8 + 3 - (8 - (2 - -5))
-6
Evaluate -3 + -13 + -5 + 10.
-11
What is -62 - (-11 - (12 - -15))?
-24
What is the value of 12 - ((1 - -6) + (-12 - (14 - 28)))?
3
What is the value of 7 + (-8 - 5) + -5 + -1?
-12
What is the value of -12 + 4 + 1 + (-6 - -5) + 2?
-6
What is the value of (-1 + 3 + 5 + -2 - 7) + -4?
-6
Evaluate 0 + (-3 - -15) - 4.
8
18 - (33 + -8) - (0 - -5)
-12
Calculate (13 - (2 - 0)) + 3 + -4.
10
What is 35 - (0 + 40) - (0 - -6)?
-11
6 + 10 + -6 - 9
1
Calculate 1 + -24 - (4 - (-4 + 5)) - -7.
-19
What is the value of (10 - 10) + 5 + -6?
-1
Calculate (-33 - -19) + -2 + -3.
-19
Evaluate (-18 - (2 - 9)) + -3 + 13.
-1
Evaluate -28 + 1 + -4 + 4 + -13 + 11.
-29
-8 + (46 - 30) - -3
11
0 - -12 - (-8 - -26)
-6
What is the value of 4 + -1 + 3 + -14 + 15?
7
-17 - (-31 + -3) - 23
-6
2 - (2 + 1 + -3 + 5 + -4)
1
Calculate -92 + 104 + 1 + -19 + 12.
6
Evaluate (-8 - (-3 + -9)) + -6 + 2.
0
37 + -29 + 12 - (3 + 10)
7
What is 8 + -14 + 1 - (-2 + 1 + -1)?
-3
-64 + 68 - (-1 + 1 + (-3 - -14))
-7
21 - (-9 + 1 + 14 - (-3 - -1))
13
Calculate -44 - (-12 + (-12 - -20)).
-40
-905 + 920 - (1 - 2 - 0)
16
Calculate -22 + 19 - (1 + -1 - (-7 - -9)).
-1
What is the value of (-27 - (-93 - -41)) + (2 - -1 - 4)?
24
What is -24 + (-22 + 31 - (-2 + 8 + -1))?
-20
Evaluate 6 - (-3 - -8 - (4 - -3)).
8
Evaluate -12 + 5 + (9 - (-9 - -4)).
7
Evaluate 3 + -10 - 3 - -18 - 9.
-1
7 - ((0 - -18) + -14)
3
Calculate 53 + 14 + (3 + -6 - 25).
39
Calculate (15 + -12 - (-7 - -6)) + 5 + 0.
9
29 + ((-17 - 3) + (-9 - -11) - -10)
21
Evaluate 6 + 0 + -3 + (22 - 45) + -5.
-25